9) to base 3.
11211222221211
What is -33487 (base 11) in base 8?
-136557
What is -1869b (base 13) in base 15?
-e01e
100130332231 (base 4) to base 6
232235341
What is 4461611 (base 8) in base 13?
3326c3
What is -a4910 (base 13) in base 5?
-33432212
Convert -1113111310 (base 4) to base 13.
-c6ab1
-1110045 (base 7) to base 14
-37c5c
10100011101101011110 (base 2) to base 4
2203231132
-1032002322 (base 5) to base 3
-11011202000102
Convert 100011110101101011110 (base 2) to base 9.
2178831
What is -1a0802 (base 11) in base 5?
-34332211
What is 2344511 (base 6) in base 12?
5b137
What is -112030223 (base 4) in base 2?
-10110001100101011
Convert 3a2617 (base 12) to base 14.
1ad2a7
Convert -114545214 (base 7) to base 10.
-7154403
Convert -74988 (base 10) to base 16.
-124ec
34232120 (base 5) to base 10
305285
What is 3528 (base 9) in base 6?
20042
What is 9235478 (base 10) in base 6?
525540502
What is 422113 (base 8) in base 6?
3001455
Convert -103202211221 (base 4) to base 3.
-100122020121212
Convert 38022 (base 13) to base 6.
2114103
27088 (base 15) to base 10
125003
84868 (base 14) to base 2
1001110000111011100
What is -3c1b45 (base 13) in base 8?
-5444764
What is -11665544 (base 8) in base 3?
-11212020202100
What is 955436 (base 11) in base 7?
16001116
What is -11000101001011000011 (base 2) in base 8?
-3051303
Convert -2112202211 (base 3) to base 10.
-50134
Convert 238b5 (base 13) to base 12.
318a5
Convert 116b6a0 (base 15) to base 16.
be9e57
Convert 211012202100 (base 3) to base 11.
279543
Convert -64446650 (base 7) to base 13.
-11a3473
What is -21225323 (base 7) in base 5?
-430230110
What is b45b (base 15) in base 9?
57245
What is 994a64 (base 12) in base 4?
21102113230
1434405 (base 7) to base 4
233101311
Convert 5abb3c (base 13) to base 9.
4064127
What is -123302310 (base 4) in base 12?
-55a70
-11001001102 (base 3) to base 5
-10020444
What is -8538226 (base 9) in base 6?
-242000510
60328 (base 9) to base 16
9ad3
Convert -695321 (base 10) to base 8.
-2516031
Convert -530149 (base 13) to base 4.
-13122031222
2122223322 (base 4) to base 15
c7ae9
What is 9a1f0 (base 16) in base 7?
5236316
-5bc258 (base 16) to base 12
-2020074
What is 2450164 (base 7) in base 15?
63351
-105351205 (base 7) to base 10
-6415918
What is 200412231 (base 6) in base 14?
6442cb
-23301332 (base 4) to base 9
-73165
Convert 13a65 (base 11) to base 4.
10313023
-264631 (base 9) to base 16
-2747e
-26bd4 (base 14) to base 8
-272626
What is -4271d (base 14) in base 2?
-100111001100100111
What is 33013330033 (base 4) in base 2?
1111000111111100001111
Convert 1321131303 (base 4) to base 7.
4141335
Convert -124534003 (base 6) to base 9.
-4573763
Convert -741540 (base 8) to base 4.
-330031200
Convert -76831 (base 11) to base 6.
-2220031
What is -c320 (base 14) in base 7?
-166540
What is 4626506 (base 9) in base 11?
1456838
Convert -99093 (base 12) to base 8.
-613057
Convert 4040315 (base 6) to base 15.
3bd02
What is 2224698 (base 11) in base 4?
32320103313
-234042233 (base 5) to base 10
-1080943
Convert 3255 (base 15) to base 11.
8007
Convert 1537295 (base 10) to base 3.
2220002202212
Convert -1214069 (base 11) to base 13.
-590117
Convert -8677b (base 14) to base 5.
-40402043
Convert 2201210 (base 4) to base 9.
15158
What is -120717 (base 12) in base 3?
-112210122001
-2a1a5 (base 16) to base 8
-520645
What is -182538a (base 13) in base 4?
-132000120121
What is 747a (base 16) in base 7?
152635
What is 100110010011001101 (base 2) in base 3?
21222012021
What is -42c4b (base 14) in base 3?
-22012122010
Convert 16e71 (base 16) to base 7.
540332
Convert -243332 (base 5) to base 11.
-6a1a
302010440 (base 5) to base 9
2234353
Convert 12611912 (base 10) to base 8.
60070510
-142489a (base 11) to base 10
-2451448
Convert 32a1a3 (base 13) to base 14.
230c1b
-615e (base 15) to base 11
-144a5
1ace13 (base 15) to base 13
36ac3b
What is 14043430 (base 6) in base 12?
1a9576
Convert -3034033132 (base 5) to base 3.
-102120212221011
400b25 (base 14) to base 3
11001102000201
250205 (base 9) to base 3
21200020012
Convert -702310 (base 9) to base 14.
-ab389
What is -4330333014 (base 5) in base 13?
-1bb2487
What is 243911 (base 10) in base 2?
111011100011000111
Convert 25a98a (base 11) to base 9.
684127
Convert -312332041 (base 5) to base 3.
-2102200100102
-12022103011 (base 4) to base 11
-a03453
What is -11a158 (base 14) in base 12?
-251616
What is 1052466 (base 8) in base 15?
59208
What is 1101001111010110 (base 2) in base 10?
54230
What is -1482498 (base 10) in base 8?
-5517402
What is dc6d3 (base 14) in base 9?
1003076
What is -10273a4 (base 12) in base 11?
-1797095
What is -507100 (base 11) in base 4?
-3012321211
What is -1796b2 (base 12) in base 15?
-8198e
Convert -b8128 (base 14) to base 15.
-8bbaa
11111002220 (base 3) to base 7
515253
-3011301232 (base 4) to base 5
-201410334
-10004400 (base 6) to base 13
-9ab51
Convert -18b366 (base 12) to base 10.
-434238
Convert -112521 (base 7) to base 6.
-233150
2500405 (base 10) to base 3
11201000220121
Convert 12122000121000 (base 3) to base 6.
144045000
194a8 (base 16) to base 14
29a76
Convert -10112112202122 (base 3) to base 13.
-50b013
Convert -ca20 (base 13) to base 15.
-84c0
Convert 69c0c (base 14) to base 11.
166562
607306 (base 8) to base 7
1463141
What is -1101011010210 (base 3) in base 15?
-e6a29
What is 2654361 (base 7) in base 3?
122202201010
-20992c (base 13) to base 8
-2724016
Convert 1010011001010100111001 (base 2) to base 5.
1144201202
Convert -1139793 (base 11) to base 2.
-111100101101101010111
What is 30132211110 (base 4) in base 3?
20011011222000
What is -597060 (base 11) in base 12?
-397833
What is 8d49c (base 15) in base 2?
1101101110110000010
What is -69301 (base 13) in base 8?
-566237
Convert -112221102011 (base 3) to base 14.
-79264
25021651 (base 7) to base 8
10430446
What is 25443350 (base 7) in base 14?
4430d0
-3b164 (base 15) to base 9
-317624
Convert -412333231 (base 5) to base 16.
-19b06e
Convert -2a656d (base 14) to base 3.
-2210001112122
-57363 (base 9) to base 16
-9540
Convert -1000010010001100011 (base 2) to base 3.
-111210101001
What is 104525 (base 7) in base 4?
10200023
-101233001333 (base 4) to base 9
-8665312
3c4ac1 (base 13) to base 11
912400
46355240 (base 7) to base 14
77b257
145102 (base 11) to base 13
7c07b
Convert 1078a8 (base 16) to base 7.
12114061
Convert 110224103 (base 5) to base 13.
139023
What is -52501 (base 15) in base 14?
-6b18d
-21302210220 (base 4) to base 13
-6bb206
-14364232 (base 7) to base 14
-275b19
713244 (base 12) to base 16
1afa94
33b38 (base 12) to base 6
1251312
Convert 158360 (base 10) to base 16.
26a98
What is 33cc4 (base 15) in base 3?
22101011211
What is -2bb5001 (base 12) in base 13?
-1b12b0b
11001011010000101010101 (base 2) to base 14
c553b7
What is 102110200000200 (base 3) in base 16?
5d0153
Convert -422a247 (base 11) to base 4.
-130123021133
Convert 30212132130 (base 4) to base 12.
1133790
What is 14231313240 (base 5) in base 2?
1000111000001110110101100
Convert 194300 (base 11) to base 13.
a5b41
1232110 (base 11) to base 10
2140380
-120330032 (base 4) to base 13
-37664
Convert -393895 (base 10) to base 3.
-202000022201
Convert 901319 (base 10) to base 3.
1200210101012
What is -42414160 (base 7) in base 16?
-36f0b2
Convert -1e413 (base 15) to base 8.
-300751
Convert 63010056 (base 7) to base 12.
1935233
What is -110233101023 (base 4) in base 9?
-11205415
Convert -222005 (base 10) to base 5.
-24101010
What is -40037 (base 8) in base 14?
-5da7
-46001 (base 13) to base 11
-87813
What is -586424 (base 12) in base 7?
-15035626
-b80b45 (base 12) to base 8
-13051145
Convert 15253266 (base 7) to base 11.
906944
-10100101101101100 (base 2) to base 5
-10203334
1a9282 (base 16) to base 11
a8a40a
What is -110012211001 (base 3) in base 2?
-111010101100110100
1054107 (base 8) to base 10
284743
Convert 319474 (base 14) to base 2.
110011001100010011110
113203440 (base 5) to base 13
1539c4
-100110200211110 (base 3) to base 11
-2928318
1443242543 (base 6) to base 4
1010331120333
Convert -a05c5 (base 16) to base 2.
-10100000010111000101
3416303 (base 10) to base 9
6376252
Convert -18256 (base 16) to base 8.
-301126
-4328729 (base 10) to base 8
-20406431
What is 33001112 (base 4) in base 12?
2b732
145108 (